{"id":78,"date":"2010-03-22T01:16:06","date_gmt":"2010-03-22T00:16:06","guid":{"rendered":"http:\/\/papershoe.de\/wordpress\/?page_id=78"},"modified":"2025-09-30T18:34:45","modified_gmt":"2025-09-30T16:34:45","slug":"papershoe","status":"publish","type":"page","link":"https:\/\/papershoe.de\/?page_id=78","title":{"rendered":"Papershoe"},"content":{"rendered":"<p><u>Allgemeines<\/u><\/p>\n<p><b>Seit<\/b>: 28.01.2006<br \/>\n<b>Erstes Layout<\/b>: 08.09.20o6<br \/>\n<b>Erstes eigenes Layout<\/b>: 09.09.20o6<\/p>\n<p><u>Die Story<\/u><br \/>\nZum Anfang war das Ganze ja noch ein vollkommen privater Blog. Ich wollte, dass meine engen Freunde ihn lesen und das ich pers\u00f6nlich auch sp\u00e4ter noch darin herumst\u00f6bern kann. Doch nach und nach wuchs der Wunsch nach mehr und als mein Bruder dann angefangen hat Gestaltungstechnischer Assistent zu werden und das nun auch die Erlernung des Webdesignens einschloss, wuchs auch in mir das Verlangen etwas in dieser Richtung zu machen. Ich eignete mir mein Wissen \u00fcber Web und Grafikdesign gr\u00f6\u00dftenteils selbst an, bzw lernte ich viel von meinen Bruder. Es hat 1 1\/2 Jahre gedauert, bis ich mich Sicher im Umgang mit Grafikprogrammen und dem Coden f\u00fchlte und ich genoss jedes neue Layout was ich bastelte und jedes neue Icon das ich kreierte. Damals war es mein Traumberuf Webdesignerin zu werden. Dazu geh\u00f6rte der Serverumzug von Myblog auf Kilu am 15.o9.2oo7. Dort konnte ich mich auch mit Cutenews und PHP im Allgemeinen auseinandersetzten, was mir sp\u00e4ter ziemlich n\u00fctzlich war. Kilu war jedoch nach einer Weile einfach nicht mehr verl\u00e4sslich genug und nachdem ich den Anbieter <a href=\"http:\/\/www.celeros.de\/\">Celeros Online<\/a> gefunden hatte und auch meine Domain endlich frei wurde, kaufte ich Webspace und Domain und war dann endlich unter <em>www.Papershoe.de<\/em> erreichbar! Nach und nach merkte ich aber, das Web- und Grafikdesign zwar etwas fantastisches war, allerdings nur als Hobby und dabei ist es bis heute geblieben.<\/p>\n<p><u>Der Name<\/u><br \/>\nDer Name hat eigentlich keine lange Geschichte. Ich war einfach auf der Suche nach einem neuen Namen f\u00fcr meine Seite, weil ich mich vom privaten Blog weiterentwickeln und nat\u00fcrlich Besucher anziehen wollte. Irgendwann sa\u00df ich im Auto und h\u00f6rte mir das neue Album von Incubus an, welches ich mir kurz zuvor geleistet hatte. Da kam mir der Name regelrecht zugeflogen: &#8222;Papershoe&#8220;. Ein sehr geiler Song von Incubus. Der Name klang nicht nur interessant sondern passte auch perfekt zu meiner B\u00fccherleidenschaft und Schreibliebe und so wurde er zum Namen meiner Seite.<\/p>\n","protected":false},"excerpt":{"rendered":"<p>Allgemeines Seit: 28.01.2006 Erstes Layout: 08.09.20o6 Erstes eigenes Layout: 09.09.20o6 Die Story Zum Anfang war das Ganze ja noch ein vollkommen privater Blog. Ich wollte, dass meine engen Freunde ihn lesen und das ich pers\u00f6nlich auch sp\u00e4ter noch darin herumst\u00f6bern kann. Doch nach und nach wuchs der Wunsch nach mehr und als mein Bruder dann &hellip; <a href=\"https:\/\/papershoe.de\/?page_id=78\" class=\"more-link\"><span class=\"screen-reader-text\">\u201ePapershoe\u201c <\/span>weiterlesen<\/a><\/p>\n","protected":false},"author":1,"featured_media":0,"parent":0,"menu_order":0,"comment_status":"open","ping_status":"open","template":"","meta":{"footnotes":""},"class_list":["post-78","page","type-page","status-publish","hentry"],"_links":{"self":[{"href":"https:\/\/papershoe.de\/index.php?rest_route=\/wp\/v2\/pages\/78","targetHints":{"allow":["GET"]}}],"collection":[{"href":"https:\/\/papershoe.de\/index.php?rest_route=\/wp\/v2\/pages"}],"about":[{"href":"https:\/\/papershoe.de\/index.php?rest_route=\/wp\/v2\/types\/page"}],"author":[{"embeddable":true,"href":"https:\/\/papershoe.de\/index.php?rest_route=\/wp\/v2\/users\/1"}],"replies":[{"embeddable":true,"href":"https:\/\/papershoe.de\/index.php?rest_route=%2Fwp%2Fv2%2Fcomments&post=78"}],"version-history":[{"count":2,"href":"https:\/\/papershoe.de\/index.php?rest_route=\/wp\/v2\/pages\/78\/revisions"}],"predecessor-version":[{"id":2039,"href":"https:\/\/papershoe.de\/index.php?rest_route=\/wp\/v2\/pages\/78\/revisions\/2039"}],"wp:attachment":[{"href":"https:\/\/papershoe.de\/index.php?rest_route=%2Fwp%2Fv2%2Fmedia&parent=78"}],"curies":[{"name":"wp","href":"https:\/\/api.w.org\/{rel}","templated":true}]}}